{"id":6,"date":"2015-07-27T14:33:53","date_gmt":"2015-07-27T13:33:53","guid":{"rendered":"http:\/\/www.evidanse-lannion.com\/?page_id=6"},"modified":"2025-11-08T09:16:37","modified_gmt":"2025-11-08T08:16:37","slug":"presentation","status":"publish","type":"page","link":"https:\/\/evidanse-lannion.com\/accueil\/presentation\/","title":{"rendered":"Pr\u00e9sentation"},"content":{"rendered":"<div id=\"pl-6\" class=\"panel-layout\">\n<div id=\"pg-6-0\" class=\"panel-grid panel-no-style\">\n<div id=\"pgc-6-0-0\" class=\"panel-grid-cell\" data-weight=\"1\">\n<div id=\"panel-6-0-0-0\" class=\"so-panel widget widget_black-studio-tinymce widget_black_studio_tinymce panel-first-child panel-last-child\" data-index=\"0\" data-style=\"{&quot;widget_css&quot;:&quot;color: #00BCFF;&quot;,&quot;padding&quot;:&quot;5px&quot;,&quot;background_display&quot;:&quot;tile&quot;}\">\n<div class=\"panel-widget-style panel-widget-style-for-6-0-0-0\">\n<h3 class=\"widget-title\">La danse contemporaine, c\u2019est quoi ?<\/h3>\n<\/div>\n<\/div>\n<\/div>\n<\/div>\n<div id=\"pg-6-1\" class=\"panel-grid panel-no-style\">\n<div id=\"pgc-6-1-1\" class=\"panel-grid-cell\" data-weight=\"0.61803399209206\">\n<div id=\"panel-6-1-1-0\" class=\"so-panel widget widget_text panel-first-child panel-last-child\" data-index=\"2\" data-style=\"{&quot;padding&quot;:&quot;20px&quot;,&quot;background&quot;:&quot;#dddddd&quot;,&quot;background_display&quot;:&quot;tile&quot;,&quot;font_color&quot;:&quot;#000000&quot;}\">\n<div class=\"panel-widget-style panel-widget-style-for-6-1-1-0\">\n<h3 class=\"widget-title\">\u00c0 regarder\u2026 elle \u00e9tonne !<\/h3>\n<div class=\"textwidget\">\n<p>En sc\u00e8ne, elle peut prendre de multiples formes mais ne laisse jamais le spectateur indiff\u00e9rent : du solo minimaliste \u00e0 la danse chorale, de l\u2019\u00e9criture chor\u00e9graphique \u00e0 la performance, du virtuel \u00e0 la danse-th\u00e9\u00e2tre, la danse contemporaine ose et renouvelle toujours.<br \/>\nElle aime dialoguer avec d&rsquo;autres expressions artistiques telles le cirque, le th\u00e9\u00e2tre, les arts plastiques, le multim\u00e9dia, la musique, la mode&#8230; et sort parfois des th\u00e9\u00e2tres pour investir d\u2019autres lieux.<br \/>\nC\u2019est une danse qui refl\u00e8te notre \u00e9poque.<\/p>\n<\/div>\n<\/div>\n<\/div>\n<\/div>\n<\/div>\n<div id=\"pg-6-2\" class=\"panel-grid panel-no-style\">\n<div id=\"pgc-6-2-0\" class=\"panel-grid-cell\" data-weight=\"0.61803399209206\">\n<div id=\"panel-6-2-0-0\" class=\"so-panel widget widget_text panel-first-child panel-last-child\" data-index=\"3\" data-style=\"{&quot;padding&quot;:&quot;20px&quot;,&quot;background&quot;:&quot;#dddddd&quot;,&quot;background_display&quot;:&quot;tile&quot;,&quot;font_color&quot;:&quot;#000000&quot;}\">\n<div class=\"panel-widget-style panel-widget-style-for-6-2-0-0\">\n<h3 class=\"widget-title\">\u00c0 danser\u2026 elle r\u00e9jouit !<\/h3>\n<div class=\"textwidget\">\n<p>La danse contemporaine est accessible \u00e0 tous. Elle d\u00e9veloppe la conscience corporelle pour faire na\u00eetre le mouvement et r\u00e9v\u00e9ler le potentiel expressif de chacun.<br \/>\nElle puise ses racines dans les courants des techniques classique et moderne et offre un vocabulaire gestuel en constante mutation. Par un travail technique pr\u00e9cis, bas\u00e9 sur le respect du corps, elle nous am\u00e8ne \u00e0 explorer les fondamentaux du mouvement dans\u00e9 contemporain.<br \/>\nPar l\u2019improvisation dans\u00e9e, elle permet d\u2019acc\u00e9der \u00e0 la po\u00e9sie de son imaginaire : on d\u00e9couvre sa propre gestuelle, on revisite les codes chor\u00e9graphiques, on ose aller \u00e0 la rencontre de l\u2019autre et de l\u2019espace.<br \/>\nC\u2019est une danse ludique et cr\u00e9ative.<\/p>\n<\/div>\n<\/div>\n<\/div>\n<\/div>\n<\/div>\n<div id=\"pg-6-3\" class=\"panel-grid panel-no-style\" data-style=\"{&quot;cell_alignment&quot;:&quot;flex-start&quot;}\">\n<div id=\"pgc-6-3-0\" class=\"panel-grid-cell\" data-weight=\"0.5\">\n<div id=\"panel-6-3-0-0\" class=\"so-panel widget widget_sow-editor panel-first-child panel-last-child\" data-index=\"5\" data-style=\"{&quot;padding&quot;:&quot;20px 20px 20px 20px&quot;,&quot;background&quot;:&quot;#dddddd&quot;,&quot;background_image_attachment&quot;:false,&quot;background_display&quot;:&quot;tile&quot;,&quot;margin&quot;:&quot;0px 0px 0px 0px&quot;}\">\n<div class=\"panel-widget-style panel-widget-style-for-6-3-0-0\">\n<div class=\"so-widget-sow-editor so-widget-sow-editor-base\">\n<h3 class=\"widget-title\">Anne-C\u00e9cile Lafeuille<\/h3>\n<p class=\"siteorigin-widget-tinymce textwidget\">Anne-C\u00e9cile Lafeuille a suivi la formation du conservatoire de Lille en danse contemporaine o\u00f9 elle a obtenu son dipl\u00f4me de fin d\u2019\u00e9tude. Elle a obtenu l\u2019examen d\u2019aptitude technique en juin 2022 et est actuellement en formation au dipl\u00f4me d&rsquo;\u00c9tat de danse contemporaine.<\/p>\n<div><\/div>\n<\/div>\n<\/div>\n<div style=\"text-align: center;\"><a href=\"https:\/\/evidanse-lannion.com\/wp-content\/uploads\/2023\/08\/WhatsApp-Image-2023-08-13-at-00.09.53.jpeg\"><img loading=\"lazy\" decoding=\"async\" class=\"alignnone wp-image-2139 size-medium\" src=\"https:\/\/evidanse-lannion.com\/wp-content\/uploads\/2023\/08\/WhatsApp-Image-2023-08-13-at-00.09.53-300x204.jpeg\" alt=\"\" width=\"300\" height=\"204\" srcset=\"https:\/\/evidanse-lannion.com\/wp-content\/uploads\/2023\/08\/WhatsApp-Image-2023-08-13-at-00.09.53-300x204.jpeg 300w, https:\/\/evidanse-lannion.com\/wp-content\/uploads\/2023\/08\/WhatsApp-Image-2023-08-13-at-00.09.53-1024x696.jpeg 1024w, https:\/\/evidanse-lannion.com\/wp-content\/uploads\/2023\/08\/WhatsApp-Image-2023-08-13-at-00.09.53-768x522.jpeg 768w, https:\/\/evidanse-lannion.com\/wp-content\/uploads\/2023\/08\/WhatsApp-Image-2023-08-13-at-00.09.53-1536x1044.jpeg 1536w, https:\/\/evidanse-lannion.com\/wp-content\/uploads\/2023\/08\/WhatsApp-Image-2023-08-13-at-00.09.53.jpeg 2048w\" sizes=\"auto, (max-width: 300px) 100vw, 300px\" \/><\/a><\/div>\n<\/div>\n<\/div>\n<\/div>\n<div id=\"pg-6-4\" class=\"panel-grid panel-no-style\">\n<div id=\"pgc-6-4-0\" class=\"panel-grid-cell\" data-weight=\"1\">\n<div id=\"panel-6-4-0-0\" class=\"so-panel widget widget_sow-editor panel-first-child panel-last-child\" data-index=\"7\" data-style=\"{&quot;padding&quot;:&quot;20px&quot;,&quot;background&quot;:&quot;#dddddd&quot;,&quot;background_image_attachment&quot;:false,&quot;background_display&quot;:&quot;tile&quot;,&quot;font_color&quot;:&quot;#000000&quot;}\">\n<div class=\"panel-widget-style panel-widget-style-for-6-4-0-0\">\n<div class=\"so-widget-sow-editor so-widget-sow-editor-base\">\n<h3 class=\"widget-title\">L&rsquo;association<\/h3>\n<div class=\"siteorigin-widget-tinymce textwidget\">\n<p>Depuis l&rsquo;an 2000, cette association a pour but de favoriser le d\u00e9veloppement et l\u2019\u00e9panouissement de la personne dans les domaines culturel et artistique, et pour objectifs d\u2019enrichir la vie culturelle de Lannion et de sa r\u00e9gion par l\u2019enseignement de la danse contemporaine et des techniques pouvant la d\u00e9velopper, ainsi que la promotion de spectacles. Elle s\u2019attachera dans ce cadre \u00e0 nouer des relations avec des institutions ou organismes concern\u00e9s par cet objet\u00a0: collectivit\u00e9s locales, centres d\u2019art et de culture, \u00e9ducation nationale, mission locale pour l\u2019insertion des jeunes, centres de formation\u2026<\/p>\n<p>L&rsquo;association est ouverte \u00e0 tous dans le respect des convictions individuelles et dans l&rsquo;ind\u00e9pendance \u00e0 l&rsquo;\u00e9gard des partis politiques et des groupes confessionnels. Toute propagande politique, tout pros\u00e9lytisme religieux sont interdits au sein de l&rsquo;association.<\/p>\n<\/div>\n<\/div>\n<\/div>\n<\/div>\n<\/div>\n<\/div>\n<div id=\"pg-6-6\" class=\"panel-grid panel-no-style\">\n<div id=\"pgc-6-6-0\" class=\"panel-grid-cell\" data-weight=\"1\">\n<div id=\"panel-6-6-0-0\" class=\"so-panel widget widget_sow-editor panel-first-child panel-last-child\" data-index=\"9\" data-style=\"{&quot;padding&quot;:&quot;20px&quot;,&quot;background&quot;:&quot;#828282&quot;,&quot;background_image_attachment&quot;:false,&quot;background_display&quot;:&quot;tile&quot;,&quot;font_color&quot;:&quot;#ffffff&quot;}\">\n<div class=\"panel-widget-style panel-widget-style-for-6-6-0-0\">\n<h3 class=\"so-widget-sow-editor so-widget-sow-editor-base\">Le bureau<\/h3>\n<p><span style=\"text-decoration: underline;\">Pr\u00e9sidente<\/span>: Rozenn Jestin<\/p>\n<p><span style=\"text-decoration: underline;\">Tr\u00e9sori\u00e8re<\/span>: Solenn Eveillard<\/p>\n<p><span style=\"text-decoration: underline;\">Secr\u00e9taire<\/span>: Martine Dejean<\/p>\n<p><span style=\"text-decoration: underline;\">Secr\u00e9taire<\/span>: Marie-Pierre Bernadac<\/p>\n<p>Le bureau est entour\u00e9 d&rsquo;un <strong>conseil d&rsquo;administration<\/strong> compos\u00e9 de 10 personnes.<\/p>\n<\/div>\n<\/div>\n<\/div>\n<\/div>\n<div id=\"pg-6-7\" class=\"panel-grid panel-no-style\">\n<div id=\"pgc-6-7-0\" class=\"panel-grid-cell\" data-weight=\"1\">\n<div id=\"panel-6-7-0-0\" class=\"so-panel widget widget_metaslider_widget panel-first-child panel-last-child\" data-index=\"10\" data-style=\"{&quot;background_display&quot;:&quot;tile&quot;}\"><\/div>\n<\/div>\n<\/div>\n<\/div>\n","protected":false},"excerpt":{"rendered":"<p>La danse contemporaine, c\u2019est quoi ? \u00c0 regarder\u2026 elle \u00e9tonne ! En sc\u00e8ne, elle peut prendre de multiples formes mais ne laisse jamais le spectateur indiff\u00e9rent : du solo minimaliste \u00e0 la danse chorale, de l\u2019\u00e9criture chor\u00e9graphique \u00e0 la performance, du virtuel \u00e0 la danse-th\u00e9\u00e2tre, la danse contemporaine ose et renouvelle toujours. Elle aime dialoguer [&hellip;]<\/p>\n","protected":false},"author":10,"featured_media":0,"parent":0,"menu_order":0,"comment_status":"closed","ping_status":"open","template":"","meta":{"footnotes":""},"class_list":["post-6","page","type-page","status-publish","hentry","post"],"aioseo_notices":[],"_links":{"self":[{"href":"https:\/\/evidanse-lannion.com\/accueil\/wp-json\/wp\/v2\/pages\/6","targetHints":{"allow":["GET"]}}],"collection":[{"href":"https:\/\/evidanse-lannion.com\/accueil\/wp-json\/wp\/v2\/pages"}],"about":[{"href":"https:\/\/evidanse-lannion.com\/accueil\/wp-json\/wp\/v2\/types\/page"}],"author":[{"embeddable":true,"href":"https:\/\/evidanse-lannion.com\/accueil\/wp-json\/wp\/v2\/users\/10"}],"replies":[{"embeddable":true,"href":"https:\/\/evidanse-lannion.com\/accueil\/wp-json\/wp\/v2\/comments?post=6"}],"version-history":[{"count":67,"href":"https:\/\/evidanse-lannion.com\/accueil\/wp-json\/wp\/v2\/pages\/6\/revisions"}],"predecessor-version":[{"id":2824,"href":"https:\/\/evidanse-lannion.com\/accueil\/wp-json\/wp\/v2\/pages\/6\/revisions\/2824"}],"wp:attachment":[{"href":"https:\/\/evidanse-lannion.com\/accueil\/wp-json\/wp\/v2\/media?parent=6"}],"curies":[{"name":"wp","href":"https:\/\/api.w.org\/{rel}","templated":true}]}}

Présentation

<div id="pl-6" class="panel-layout">
<div id="pg-6-0" class="panel-grid panel-no-style">
<div id="pgc-6-0-0" class="panel-grid-cell" data-weight="1">
<div id="panel-6-0-0-0" class="so-panel widget widget_black-studio-tinymce widget_black_studio_tinymce panel-first-child panel-last-child" data-index="0" data-style="{&quot;widget_css&quot;:&quot;color: #00BCFF;&quot;,&quot;padding&quot;:&quot;5px&quot;,&quot;background_display&quot;:&quot;tile&quot;}">
<div class="panel-widget-style panel-widget-style-for-6-0-0-0">
<h3 class="widget-title">La danse contemporaine, c’est quoi ?</h3>
</div>
</div>
</div>
</div>
<div id="pg-6-1" class="panel-grid panel-no-style">
<div id="pgc-6-1-1" class="panel-grid-cell" data-weight="0.61803399209206">
<div id="panel-6-1-1-0" class="so-panel widget widget_text panel-first-child panel-last-child" data-index="2" data-style="{&quot;padding&quot;:&quot;20px&quot;,&quot;background&quot;:&quot;#dddddd&quot;,&quot;background_display&quot;:&quot;tile&quot;,&quot;font_color&quot;:&quot;#000000&quot;}">
<div class="panel-widget-style panel-widget-style-for-6-1-1-0">
<h3 class="widget-title">À regarder… elle étonne !</h3>
<div class="textwidget">
<p>En scène, elle peut prendre de multiples formes mais ne laisse jamais le spectateur indifférent : du solo minimaliste à la danse chorale, de l’écriture chorégraphique à la performance, du virtuel à la danse-théâtre, la danse contemporaine ose et renouvelle toujours.<br />
Elle aime dialoguer avec d&rsquo;autres expressions artistiques telles le cirque, le théâtre, les arts plastiques, le multimédia, la musique, la mode&#8230; et sort parfois des théâtres pour investir d’autres lieux.<br />
C’est une danse qui reflète notre époque.</p>
</div>
</div>
</div>
</div>
</div>
<div id="pg-6-2" class="panel-grid panel-no-style">
<div id="pgc-6-2-0" class="panel-grid-cell" data-weight="0.61803399209206">
<div id="panel-6-2-0-0" class="so-panel widget widget_text panel-first-child panel-last-child" data-index="3" data-style="{&quot;padding&quot;:&quot;20px&quot;,&quot;background&quot;:&quot;#dddddd&quot;,&quot;background_display&quot;:&quot;tile&quot;,&quot;font_color&quot;:&quot;#000000&quot;}">
<div class="panel-widget-style panel-widget-style-for-6-2-0-0">
<h3 class="widget-title">À danser… elle réjouit !</h3>
<div class="textwidget">
<p>La danse contemporaine est accessible à tous. Elle développe la conscience corporelle pour faire naître le mouvement et révéler le potentiel expressif de chacun.<br />
Elle puise ses racines dans les courants des techniques classique et moderne et offre un vocabulaire gestuel en constante mutation. Par un travail technique précis, basé sur le respect du corps, elle nous amène à explorer les fondamentaux du mouvement dansé contemporain.<br />
Par l’improvisation dansée, elle permet d’accéder à la poésie de son imaginaire : on découvre sa propre gestuelle, on revisite les codes chorégraphiques, on ose aller à la rencontre de l’autre et de l’espace.<br />
C’est une danse ludique et créative.</p>
</div>
</div>
</div>
</div>
</div>
<div id="pg-6-3" class="panel-grid panel-no-style" data-style="{&quot;cell_alignment&quot;:&quot;flex-start&quot;}">
<div id="pgc-6-3-0" class="panel-grid-cell" data-weight="0.5">
<div id="panel-6-3-0-0" class="so-panel widget widget_sow-editor panel-first-child panel-last-child" data-index="5" data-style="{&quot;padding&quot;:&quot;20px 20px 20px 20px&quot;,&quot;background&quot;:&quot;#dddddd&quot;,&quot;background_image_attachment&quot;:false,&quot;background_display&quot;:&quot;tile&quot;,&quot;margin&quot;:&quot;0px 0px 0px 0px&quot;}">
<div class="panel-widget-style panel-widget-style-for-6-3-0-0">
<div class="so-widget-sow-editor so-widget-sow-editor-base">
<h3 class="widget-title">Anne-Cécile Lafeuille</h3>
<p class="siteorigin-widget-tinymce textwidget">Anne-Cécile Lafeuille a suivi la formation du conservatoire de Lille en danse contemporaine où elle a obtenu son diplôme de fin d’étude. Elle a obtenu l’examen d’aptitude technique en juin 2022 et est actuellement en formation au diplôme d&rsquo;État de danse contemporaine.</p>
<div></div>
</div>
</div>
<div style="text-align: center;"><a href="https://evidanse-lannion.com/wp-content/uploads/2023/08/WhatsApp-Image-2023-08-13-at-00.09.53.jpeg"><img loading="lazy" decoding="async" class="alignnone wp-image-2139 size-medium" src="https://evidanse-lannion.com/wp-content/uploads/2023/08/WhatsApp-Image-2023-08-13-at-00.09.53-300x204.jpeg" alt="" width="300" height="204" srcset="https://evidanse-lannion.com/wp-content/uploads/2023/08/WhatsApp-Image-2023-08-13-at-00.09.53-300x204.jpeg 300w, https://evidanse-lannion.com/wp-content/uploads/2023/08/WhatsApp-Image-2023-08-13-at-00.09.53-1024x696.jpeg 1024w, https://evidanse-lannion.com/wp-content/uploads/2023/08/WhatsApp-Image-2023-08-13-at-00.09.53-768x522.jpeg 768w, https://evidanse-lannion.com/wp-content/uploads/2023/08/WhatsApp-Image-2023-08-13-at-00.09.53-1536x1044.jpeg 1536w, https://evidanse-lannion.com/wp-content/uploads/2023/08/WhatsApp-Image-2023-08-13-at-00.09.53.jpeg 2048w" sizes="auto, (max-width: 300px) 100vw, 300px" /></a></div>
</div>
</div>
</div>
<div id="pg-6-4" class="panel-grid panel-no-style">
<div id="pgc-6-4-0" class="panel-grid-cell" data-weight="1">
<div id="panel-6-4-0-0" class="so-panel widget widget_sow-editor panel-first-child panel-last-child" data-index="7" data-style="{&quot;padding&quot;:&quot;20px&quot;,&quot;background&quot;:&quot;#dddddd&quot;,&quot;background_image_attachment&quot;:false,&quot;background_display&quot;:&quot;tile&quot;,&quot;font_color&quot;:&quot;#000000&quot;}">
<div class="panel-widget-style panel-widget-style-for-6-4-0-0">
<div class="so-widget-sow-editor so-widget-sow-editor-base">
<h3 class="widget-title">L&rsquo;association</h3>
<div class="siteorigin-widget-tinymce textwidget">
<p>Depuis l&rsquo;an 2000, cette association a pour but de favoriser le développement et l’épanouissement de la personne dans les domaines culturel et artistique, et pour objectifs d’enrichir la vie culturelle de Lannion et de sa région par l’enseignement de la danse contemporaine et des techniques pouvant la développer, ainsi que la promotion de spectacles. Elle s’attachera dans ce cadre à nouer des relations avec des institutions ou organismes concernés par cet objet : collectivités locales, centres d’art et de culture, éducation nationale, mission locale pour l’insertion des jeunes, centres de formation…</p>
<p>L&rsquo;association est ouverte à tous dans le respect des convictions individuelles et dans l&rsquo;indépendance à l&rsquo;égard des partis politiques et des groupes confessionnels. Toute propagande politique, tout prosélytisme religieux sont interdits au sein de l&rsquo;association.</p>
</div>
</div>
</div>
</div>
</div>
</div>
<div id="pg-6-6" class="panel-grid panel-no-style">
<div id="pgc-6-6-0" class="panel-grid-cell" data-weight="1">
<div id="panel-6-6-0-0" class="so-panel widget widget_sow-editor panel-first-child panel-last-child" data-index="9" data-style="{&quot;padding&quot;:&quot;20px&quot;,&quot;background&quot;:&quot;#828282&quot;,&quot;background_image_attachment&quot;:false,&quot;background_display&quot;:&quot;tile&quot;,&quot;font_color&quot;:&quot;#ffffff&quot;}">
<div class="panel-widget-style panel-widget-style-for-6-6-0-0">
<h3 class="so-widget-sow-editor so-widget-sow-editor-base">Le bureau</h3>
<p><span style="text-decoration: underline;">Présidente</span>: Rozenn Jestin</p>
<p><span style="text-decoration: underline;">Trésorière</span>: Solenn Eveillard</p>
<p><span style="text-decoration: underline;">Secrétaire</span>: Martine Dejean</p>
<p><span style="text-decoration: underline;">Secrétaire</span>: Marie-Pierre Bernadac</p>
<p>Le bureau est entouré d&rsquo;un <strong>conseil d&rsquo;administration</strong> composé de 10 personnes.</p>
</div>
</div>
</div>
</div>
<div id="pg-6-7" class="panel-grid panel-no-style">
<div id="pgc-6-7-0" class="panel-grid-cell" data-weight="1">
<div id="panel-6-7-0-0" class="so-panel widget widget_metaslider_widget panel-first-child panel-last-child" data-index="10" data-style="{&quot;background_display&quot;:&quot;tile&quot;}"></div>
</div>
</div>
</div>

<p>La danse contemporaine, c’est quoi ? À regarder… elle étonne ! En scène, elle peut prendre de multiples formes mais ne laisse jamais le spectateur indifférent : du solo minimaliste à la danse chorale, de l’écriture chorégraphique à la performance, du virtuel à la danse-théâtre, la danse contemporaine ose et renouvelle toujours. Elle aime dialoguer [&hellip;]</p>
