{"id":2118,"date":"2023-07-11T05:41:12","date_gmt":"2023-07-11T04:41:12","guid":{"rendered":"https:\/\/evidanse-lannion.com\/accueil\/?page_id=2118"},"modified":"2025-11-08T09:14:52","modified_gmt":"2025-11-08T08:14:52","slug":"cours","status":"publish","type":"page","link":"https:\/\/evidanse-lannion.com\/accueil\/cours\/","title":{"rendered":"Cours"},"content":{"rendered":"\n<h3>ENFANTS <em>(4-12 ans)<\/em><\/h3>\n<h4><em> <strong>Eveil \u00e0 la danse (<\/strong><\/em><em><strong>4-5 ans)<\/strong><\/em><\/h4>\n<p class=\"font_7\"><em>Sauter, tourner, glisser, balancer, chuter&#8230; l\u2019enfant entre dans la danse de mani\u00e8re ludique.\u00a0Il part \u00e0 la d\u00e9couverte de l\u2019espace, du rythme, de la musicalit\u00e9, de son corps en mouvement dans une dimension artistique.<\/em><\/p>\n\n\n\n<h4><em><strong>Initiation \u00e0 la danse (<\/strong><\/em><em><strong>6-7 ans, <\/strong><\/em><em><strong>7-8 ans)<\/strong><\/em><\/h4>\n<p><em>Une t\u00eate qui se penche, un pied qui dessine, un regard projet\u00e9 au loin&#8230; L\u2019initiation c\u2019est d\u00e9couvrir progressivement le corps et ses possibilit\u00e9s, d\u00e9velopper l\u2019habilet\u00e9 corporelle dans le mouvement dans\u00e9, structurer l\u2019espace et le temps, explorer la cr\u00e9ativit\u00e9.<\/em><\/p>\n\n\n\n<h4><em><strong>D\u00e9couverte de la danse contemporaine <\/strong><\/em><em><strong>(<\/strong><\/em><em><strong>8-9 ans, 9-10 ans, 11-<\/strong><\/em><em><strong>12 ans)<\/strong><\/em><\/h4>\n<p><em>J\u2019assouplis, je coordonne, je construis et m\u00e9morise&#8230; C\u2019est \u00e0 ce niveau que d\u00e9bute l\u2019apprentissage de la technique contemporaine, la recherche de l\u2019expressivit\u00e9 de son mouvement, l\u2019encouragement \u00e0 la composition individuelle et collective.<\/em><\/p>\n\n\n\n<h3>ADOLESCENTS <em>(13-14 ans, 15-17<\/em><em>\u00a0ans)<\/em><\/h3>\n<p><em>Danse au sol et dans l\u2019espace, travail de groupe \u00e0 l\u2019\u00e9nergie contagieuse, exploration rythmique, gestuelle m\u00e9moris\u00e9e\u2026 le cours propose une pr\u00e9paration corporelle, un apprentissage technique et chor\u00e9graphique contemporain, un atelier d\u2019improvisation et de composition, pour une aventure cr\u00e9ative r\u00e9ussie !<\/em><\/p>\n<h3 class=\"widget-title\">ADULTES<\/h3>\n<div class=\"siteorigin-widget-tinymce textwidget\">\n<h4><strong><em>\u00a0D\u00e9butant<\/em> <\/strong><\/h4>\n<p><em>C\u2019est la d\u00e9couverte du langage contemporain : apprendre \u00e0 dialoguer avec les perceptions corporelles, d\u00e9velopper la capacit\u00e9 d\u2019exploration de son corps dans l\u2019espace, donner sens \u00e0 son mouvement, en explorer sa musicalit\u00e9, faire na\u00eetre sa danse.<\/em><\/p>\n<h4><strong><em>Interm\u00e9diaire 1<\/em> <\/strong><\/h4>\n<p><em>Vous venez d\u2019une autre technique de danse, ou pratiquez d\u00e9j\u00e0 la danse contemporaine, ce cours vous permettra de revisiter les fondamentaux de la danse contemporaine, et d\u2019enrichir votre vocabulaire gestuel avec l\u2019improvisation.<\/em><\/p>\n<h4><strong><em>Interm\u00e9diaire 2\/ Confirm\u00e9<\/em><\/strong><\/h4>\n<p><em>Plus ax\u00e9 sur la technique, ce cours est ouvert aux personnes ayant d\u00e9j\u00e0 une pratique de la danse depuis plusieurs ann\u00e9es et une connaissance des bases techniques contemporaines.<\/em><\/p>\n<h4><strong>\u00a0<em>Atelier chor\u00e9graphique<\/em> <\/strong><\/h4>\n<p><em>L\u2019atelier vous invite \u00e0 plonger dans un univers cr\u00e9atif ! Improvisation guid\u00e9e, performance partag\u00e9e et composition chor\u00e9graphique sont les techniques utilis\u00e9es. L\u2019atelier explore les liens possibles du mouvement avec les autres arts. (Il est conseill\u00e9 de suivre parall\u00e8lement un cours technique hebdomadaire, niveau interm\u00e9diaire ou confirm\u00e9).<\/em><\/p>\n<p class=\"cvGsUA direction-ltr align-center para-style-body\">\u00a0<\/p>\n<p>\u00a0<\/p>\n<p><br \/><br \/><\/p>\n<\/div>\n\n\n\n\n","protected":false},"excerpt":{"rendered":"<p>ENFANTS (4-12 ans) Eveil \u00e0 la danse (4-5 ans) Sauter, tourner, glisser, balancer, chuter&#8230; l\u2019enfant entre dans la danse de mani\u00e8re ludique.\u00a0Il part \u00e0 la d\u00e9couverte de l\u2019espace, du rythme, de la musicalit\u00e9, de son corps en mouvement dans une dimension artistique. Initiation \u00e0 la danse (6-7 ans, 7-8 ans) Une t\u00eate qui se penche, [&hellip;]<\/p>\n","protected":false},"author":10,"featured_media":0,"parent":0,"menu_order":0,"comment_status":"closed","ping_status":"closed","template":"","meta":{"footnotes":""},"class_list":["post-2118","page","type-page","status-publish","hentry","post"],"aioseo_notices":[],"_links":{"self":[{"href":"https:\/\/evidanse-lannion.com\/accueil\/wp-json\/wp\/v2\/pages\/2118","targetHints":{"allow":["GET"]}}],"collection":[{"href":"https:\/\/evidanse-lannion.com\/accueil\/wp-json\/wp\/v2\/pages"}],"about":[{"href":"https:\/\/evidanse-lannion.com\/accueil\/wp-json\/wp\/v2\/types\/page"}],"author":[{"embeddable":true,"href":"https:\/\/evidanse-lannion.com\/accueil\/wp-json\/wp\/v2\/users\/10"}],"replies":[{"embeddable":true,"href":"https:\/\/evidanse-lannion.com\/accueil\/wp-json\/wp\/v2\/comments?post=2118"}],"version-history":[{"count":12,"href":"https:\/\/evidanse-lannion.com\/accueil\/wp-json\/wp\/v2\/pages\/2118\/revisions"}],"predecessor-version":[{"id":2822,"href":"https:\/\/evidanse-lannion.com\/accueil\/wp-json\/wp\/v2\/pages\/2118\/revisions\/2822"}],"wp:attachment":[{"href":"https:\/\/evidanse-lannion.com\/accueil\/wp-json\/wp\/v2\/media?parent=2118"}],"curies":[{"name":"wp","href":"https:\/\/api.w.org\/{rel}","templated":true}]}}